when 288 is divided by 29.
27
What is the remainder when 490 is divided by 81?
4
Calculate the remainder when 557 is divided by 43.
41
What is the remainder when 1007 is divided by 58?
21
What is the remainder when 519 is divided by 95?
44
What is the remainder when 59 is divided by 18?
5
Calculate the remainder when 184 is divided by 27.
22
Calculate the remainder when 13 is divided by 7.
6
Calculate the remainder when 463 is divided by 13.
8
Calculate the remainder when 977 is divided by 3.
2
What is the remainder when 412 is divided by 84?
76
Calculate the remainder when 171 is divided by 61.
49
Calculate the remainder when 2672 is divided by 1330.
12
Calculate the remainder when 393 is divided by 47.
17
What is the remainder when 529 is divided by 181?
167
Calculate the remainder when 37 is divided by 11.
4
Calculate the remainder when 874 is divided by 426.
22
What is the remainder when 25 is divided by 24?
1
What is the remainder when 227 is divided by 64?
35
Calculate the remainder when 321 is divided by 19.
17
Calculate the remainder when 142 is divided by 21.
16
What is the remainder when 18 is divided by 7?
4
What is the remainder when 5197 is divided by 130?
127
Calculate the remainder when 21 is divided by 3.
0
What is the remainder when 65186 is divided by 86?
84
What is the remainder when 865 is divided by 109?
102
Calculate the remainder when 58165 is divided by 11.
8
Calculate the remainder when 512 is divided by 9.
8
What is the remainder when 790 is divided by 55?
20
What is the remainder when 745 is divided by 151?
141
What is the remainder when 5004 is divided by 2494?
16
Calculate the remainder when 57 is divided by 5.
2
What is the remainder when 245 is divided by 10?
5
Calculate the remainder when 5010 is divided by 2504.
2
Calculate the remainder when 185 is divided by 28.
17
Calculate the remainder when 656 is divided by 44.
40
What is the remainder when 205 is divided by 44?
29
Calculate the remainder when 9986 is divided by 45.
41
Calculate the remainder when 3310 is divided by 69.
67
Calculate the remainder when 471 is divided by 8.
7
Calculate the remainder when 581 is divided by 88.
53
What is the remainder when 400 is divided by 31?
28
What is the remainder when 62 is divided by 54?
8
Calculate the remainder when 410 is divided by 139.
132
What is the remainder when 196 is divided by 17?
9
What is the remainder when 785 is divided by 262?
261
Calculate the remainder when 147 is divided by 86.
61
Calculate the remainder when 2491 is divided by 39.
34
What is the remainder when 427 is divided by 43?
40
Calculate the remainder when 750 is divided by 90.
30
Calculate the remainder when 1188 is divided by 92.
84
What is the remainder when 1823 is divided by 22?
19
What is the remainder when 881 is divided by 150?
131
Calculate the remainder when 181 is divided by 37.
33
Calculate the remainder when 207 is divided by 49.
11
Calculate the remainder when 430 is divided by 27.
25
Calculate the remainder when 2981 is divided by 21.
20
Calculate the remainder when 636 is divided by 206.
18
What is the remainder when 132 is divided by 68?
64
Calculate the remainder when 3817 is divided by 254.
7
Calculate the remainder when 606 is divided by 7.
4
What is the remainder when 4795 is divided by 11?
10
Calculate the remainder when 35 is divided by 19.
16
What is the remainder when 412 is divided by 15?
7
Calculate the remainder when 9464 is divided by 15.
14
Calculate the remainder when 27 is divided by 21.
6
What is the remainder when 394 is divided by 18?
16
Calculate the remainder when 987 is divided by 13.
12
Calculate the remainder when 663 is divided by 94.
5
What is the remainder when 113 is divided by 95?
18
Calculate the remainder when 134 is divided by 25.
9
Calculate the remainder when 71 is divided by 62.
9
Calculate the remainder when 138 is divided by 7.
5
Calculate the remainder when 38 is divided by 5.
3
What is the remainder when 41 is divided by 28?
13
Calculate the remainder when 466 is divided by 39.
37
What is the remainder when 623 is divided by 150?
23
Calculate the remainder when 4202 is divided by 4192.
10
What is the remainder when 115 is divided by 9?
7
Calculate the remainder when 384 is divided by 26.
20
What is the remainder when 39 is divided by 20?
19
What is the remainder when 30 is divided by 15?
0
What is the remainder when 207 is divided by 43?
35
Calculate the remainder when 129 is divided by 38.
15
What is the remainder when 1760 is divided by 43?
40
What is the remainder when 106 is divided by 60?
46
Calculate the remainder when 181 is divided by 91.
90
What is the remainder when 1382 is divided by 683?
16
Calculate the remainder when 415 is divided by 62.
43
What is the remainder when 28 is divided by 11?
6
Calculate the remainder when 439 is divided by 22.
21
What is the remainder when 106 is divided by 51?
4
What is the remainder when 1592 is divided by 126?
80
What is the remainder when 1039 is divided by 4?
3
Calculate the remainder when 3319 is divided by 166.
165
What is the remainder when 80 is divided by 19?
4
Calculate the remainder when 21559 is divided by 55.
54
Calculate the remainder when 2681 is divided by 112.
105
Calculate the remainder when 1828 is divided by 609.
1
Calculate the remainder when 293 is divided by 2.
1
Calculate the remainder when 1119 is divided by 278.
7
Calculate the remainder when 237 is divided by 32.
13
Calculate the remainder when 48 is divided by 11.
4
What is the remainder when 4144 is divided by 1029?
28
What is the remainder when 2238 is divided by 80?
78
What is the remainder when 4742 is divided by 153?
152
Calculate the remainder when 98 is divided by 35.
28
Calculate the remainder when 618 is divided by 173.
99
What is the remainder when 343 is divided by 43?
42
Calculate the remainder when 2458 is divided by 270.
28
Calculate the remainder when 36 is divided by 34.
2
Calculate the remainder when 2267 is divided by 19.
6
What is the remainder when 332 is divided by 54?
8
What is the remainder when 593 is divided by 150?
143
Calculate the remainder when 793 is divided by 119.
79
Calculate the remainder when 1353 is divided by 112.
9
Calculate the remainder when 54 is divided by 36.
18
What is the remainder when 1740 is divided by 27?
12
What is the remainder when 207 is divided by 19?
17
Calculate the remainder when 201 is divided by 27.
12
What is the remainder when 3948 is divided by 179?
10
Calculate the remainder when 483 is divided by 242.
241
What is the remainder when 5673 is divided by 227?
225
Calculate the remainder when 92 is divided by 74.
18
What is the remainder when 94 is divided by 7?
3
Calculate the remainder when 1039 is divided by 40.
39
Calculate the remainder when 203 is divided by 56.
35
What is the remainder when 328 is divided by 282?
46
What is the remainder when 584 is divided by 191?
11
Calculate the remainder when 881 is divided by 13.
10
Calculate the remainder when 11715 is divided by 42.
39
Calculate the remainder when 2661 is divided by 335.
316
Calculate the remainder when 589 is divided by 23.
14
Calculate the remainder when 3071 is divided by 20.
11
What is the remainder when 43 is divided by 8?
3
Calculate the remainder when 973 is divided by 15.
13
What is the remainder when 114 is divided by 31?
21
Calculate the remainder when 356 is divided by 73.
64
What is the remainder when 229 is divided by 29?
26
Calculate the remainder when 94 is divided by 38.
18
Calculate the remainder when 60 is divided by 25.
10
Calculate the remainder when 1517 is divided by 42.
5
What is the remainder when 274 is divided by 46?
44
Calculate the remainder when 784 is divided by 43.
10
What is the remainder when 192 is divided by 13?
10
What is the remainder when 11015 is divided by 3668?
11
Calculate the remainder when 75 is divided by 19.
18
Calculate the remainder when 3798 is divided by 20.
18
Calculate the remainder when 643 is divided by 15.
13
Calculate the remainder when 414 is divided by 142.
130
Calculate the remainder when 94 is divided by 53.
41
What is the remainder when 254 is divided by 37?
32
Calculate the remainder when 504 is divided by 38.
10
What is the remainder when 119 is divided by 4?
3
What is the re